s 1 (base 2) in base 4?
1
-32400 (base 5) to base 10
-2225
Convert 5c4 (base 16) to base 3.
2000200
What is -8ba (base 16) in base 14?
-b58
What is 20141 (base 8) in base 12?
4969
What is -10204 (base 6) in base 3?
-1212211
Convert -11347 (base 8) to base 9.
-6566
What is -1040430 (base 5) in base 13?
-83c1
715 (base 9) to base 10
581
Convert 11220 (base 4) to base 5.
2420
What is -105ca (base 13) in base 14?
-aac4
What is 23c5 (base 14) in base 3?
22120110
What is 164 (base 9) in base 10?
139
1120 (base 6) to base 4
10020
1121332 (base 4) to base 14
2154
Convert b9 (base 12) to base 8.
215
-41022 (base 7) to base 2
-10011011101011
Convert -3d64 (base 15) to base 4.
-3031120
Convert 311 (base 12) to base 8.
675
Convert -1042010 (base 5) to base 7.
-104405
-6190 (base 10) to base 2
-1100000101110
What is 120403 (base 5) in base 16?
117e
What is -95 (base 11) in base 7?
-206
Convert 11134 (base 6) to base 2.
11000100010
Convert 101001000100 (base 2) to base 8.
5104
What is -1300101 (base 5) in base 6?
-311510
Convert -1011011000 (base 2) to base 11.
-602
Convert 2123 (base 6) to base 16.
1e3
What is -130303 (base 4) in base 3?
-2112021
Convert -4327 (base 14) to base 3.
-120220121
539 (base 13) to base 7
2414
What is 5648 (base 12) in base 13?
4475
What is -1c (base 16) in base 13?
-22
-6432 (base 16) to base 9
-38160
Convert 4b0 (base 15) to base 3.
1110110
31123 (base 4) to base 13
511
-1011101100 (base 2) to base 6
-3244
What is 290 (base 10) in base 7?
563
What is 82a0 (base 14) in base 12?
11018
22222121 (base 4) to base 6
534105
What is 3123301 (base 4) in base 12?
8181
Convert -120112 (base 4) to base 6.
-11114
2222110 (base 3) to base 9
2873
402223 (base 5) to base 11
9699
Convert 11101000111011 (base 2) to base 10.
14907
Convert -1ac (base 14) to base 5.
-2343
What is 1111001011011 (base 2) in base 10?
7771
-811 (base 9) to base 8
-1222
-22010111 (base 3) to base 5
-142201
What is -aa18 (base 15) in base 10?
-36023
271 (base 14) to base 5
3431
What is 521 (base 14) in base 11?
838
Convert -26245 (base 11) to base 16.
-92b7
What is -12001332 (base 4) in base 10?
-24702
What is -104a4 (base 12) in base 13?
-99ac
2499 (base 12) to base 14
1725
-5c6 (base 13) to base 2
-1111101111
Convert 211312 (base 4) to base 5.
34142
438 (base 10) to base 14
234
What is 1150 (base 7) in base 12?
2b7
What is -103223 (base 8) in base 11?
-2397a
Convert -808 (base 9) to base 8.
-1220
Convert 219 (base 16) to base 8.
1031
Convert 801 (base 13) to base 6.
10133
What is -13722 (base 8) in base 14?
-2318
Convert a59 (base 14) to base 16.
7f7
Convert 1978 (base 10) to base 11.
1539
296 (base 11) to base 16
15b
9f5 (base 16) to base 4
213311
Convert -190 (base 12) to base 7.
-510
What is -137a (base 15) in base 7?
-15100
1083 (base 15) to base 11
26a0
Convert -1356 (base 13) to base 16.
-ad7
Convert 1055 (base 8) to base 11.
467
-1110 (base 9) to base 10
-819
21832 (base 9) to base 15
4488
Convert -2200002 (base 3) to base 5.
-30241
What is 1122021 (base 3) in base 4?
102223
What is 25 (base 6) in base 2?
10001
What is 324a (base 13) in base 10?
6991
22ca (base 14) to base 5
143213
What is -249b (base 14) in base 12?
-3861
11105 (base 7) to base 15
c68
Convert 462 (base 8) to base 12.
216
Convert 3001 (base 9) to base 5.
32223
-343441 (base 5) to base 3
-121222012
Convert 242213 (base 6) to base 8.
51401
10001111110110 (base 2) to base 13
4262
Convert -22000 (base 4) to base 7.
-1603
Convert 4753 (base 10) to base 4.
1022101
Convert 16a7 (base 16) to base 4.
1122213
Convert -16447 (base 8) to base 10.
-7463
Convert 10001000 (base 2) to base 3.
12001
-954 (base 10) to base 16
-3ba
Convert 1320 (base 7) to base 9.
620
What is -1000010000 (base 2) in base 15?
-253
What is -423 (base 6) in base 3?
-12220
-2012 (base 6) to base 4
-12320
Convert 16b94 (base 13) to base 5.
2344343
What is -631 (base 10) in base 7?
-1561
Convert -11331132 (base 4) to base 2.
-101111101011110
What is 100000110011111 (base 2) in base 5?
1014144
What is -7b54 (base 13) in base 11?
-12004
Convert 1b0 (base 15) to base 13.
240
235166 (base 8) to base 7
453462
29d5 (base 15) to base 2
10001100001111
-222011120 (base 3) to base 8
-45205
10000111010100 (base 2) to base 8
20724
What is 413 (base 8) in base 3?
100220
Convert 20332303 (base 4) to base 7.
212152
Convert -8417 (base 11) to base 5.
-324100
-1000010111000 (base 2) to base 11
-3241
254311 (base 6) to base 7
124042
Convert -3636 (base 11) to base 15.
-1623
-5483 (base 10) to base 16
-156b
What is -858 (base 9) in base 6?
-3125
What is -110110011011 (base 2) in base 9?
-4700
Convert 2312 (base 9) to base 7.
4664
Convert -36151 (base 7) to base 4.
-2102002
133332 (base 8) to base 5
2444220
710 (base 8) to base 10
456
What is 41043 (base 6) in base 12?
3183
747 (base 12) to base 6
4531
Convert 101213 (base 4) to base 14.
5a7
Convert -2c33c (base 13) to base 12.
-40778
45 (base 6) to base 4
131
What is -2453 (base 11) in base 5?
-100304
Convert -10000000001010010 (base 2) to base 16.
-10052
-1303 (base 9) to base 6
-4303
7004 (base 8) to base 9
4826
What is -498 (base 11) in base 6?
-2423
What is 124032 (base 6) in base 13?
5177
What is -20 (base 15) in base 9?
-33
-41 (base 8) to base 16
-21
What is -156 (base 11) in base 10?
-182
Convert 6122 (base 9) to base 13.
2063
Convert 2110210 (base 3) to base 15.
803
Convert -444203 (base 5) to base 13.
-7105
Convert 101 (base 8) to base 4.
1001
Convert 2425 (base 7) to base 9.
1211
-2b8 (base 13) to base 6
-2133
Convert 31321 (base 4) to base 14.
477
Convert 3550 (base 9) to base 15.
bac
25b (base 14) to base 4
13121
Convert 322503 (base 6) to base 12.
13433
What is -11100110110 (base 2) in base 10?
-1846
What is -212002 (base 3) in base 6?
-2515
-9655 (base 12) to base 10
-16481
Convert -15b (base 16) to base 13.
-209
What is 171 (base 15) in base 8?
513
What is 134 (base 14) in base 3?
22222
Convert 3b7 (base 16) to base 10.
951
-1c4 (base 14) to base 9
-448
What is 10530 (base 8) in base 3?
20002110
What is 366 (base 12) in base 9?
626
Convert 7338 (base 15) to base 13.
b114
-bd3 (base 16) to base 9
-4133
Convert -4445 (base 8) to base 2.
-100100100101
What is 1022 (base 11) in base 2?
10101001011
What is 15f (base 16) in base 8?
537
Convert -496 (base 11) to base 14.
-301
Convert -1513030 (base 6) to base 12.
-42776
Convert -12123211 (base 4) to base 6.
-321541
22121 (base 4) to base 6
3025
Convert bb87 (base 13) to base 4.
12120121
-1001011 (base 3) to base 15
-35a
What is 7747 (base 16) in base 11?
20a3a
Convert -1010011100001 (base 2) to base 6.
-40425
What is 100010011 (base 2) in base 7?
542
What is 3507 (base 8) in base 3?
2120000
Convert -110220101 (base 3) to base 6.
-111314
-222120 (base 5) to base 2
-1111001101001
Convert 41d1 (base 14) to base 12.
66a3
What is -16123 (base 9) in base 14?
-4045
Convert -1415 (base 12) to base 9.
-3158
3881 (base 10) to base 9
5282
Convert -3342 (base 9) to base 3.
-10101102
17ce (base 15) to base 3
21001112
What is -7a1 (base 11) in base 10?
-958
Convert 1551 (base 6) to base 8.
653
What is 491 (base 12) in base 13?
409
What is 1020302 (base 4) in base 3?
20101112
-5318 (base 10) to base 14
-1d1c
What is -20952 (base 12) in base 16?
-a74e
1002010220 (base 3) to base 12
10366
Convert 180 (base 16) to base 2.
110000000
11a58 (base 12) to base 5
1231342
Convert -166a (base 12) to base 9.
-3601
1221 (base 6) to base 8
455
77 (base 9) to base 15
4a
47736 (base 8) to base 9
31037
1587 (base 13) to base 7
12123
What is -303221 (base 4) in base 6?
-23145
Convert -1330 (base 4) to base 14.
-8c
What is 111351 (base 7) in base 5?
1112414
-1287 (base 10) to base 16
-507
What is 2002231 (base 4) in base 15?
272a
-120000 (base 5) to base 14
-1847
Convert -683 (base 14) to base 3.
-1202211
What is -12524 (base 7) in base 11?
-2576
What is 130 (base 11) in base 15?
a4
-17ab (base 14) to base 11
-322a
What is -67712 (base 8) in base 15?
-872d
What is 220 (base 9) in base 8?
264
Convert 17e0 (base 16) to base 14.
2328
Convert -34250 (base 9) to base 14.
-8450
What is -2632 (base 11) in base 14?
-1367
What is -98 (base 10) in base 2?
-1100010
What is -1646 (base 7) in base 12?
-47b
What is -2323 (base 6) in base 4?
-20223
-4245 (base 6) to base 10
-965
What is -3